{"id":9918,"date":"2023-01-11T12:32:27","date_gmt":"2023-01-11T11:32:27","guid":{"rendered":"https:\/\/emiro.agesci.it\/archiviofoto\/?page_id=9918"},"modified":"2023-01-18T16:16:51","modified_gmt":"2023-01-18T15:16:51","slug":"minzoni-d-giovanni-argenta-fe","status":"publish","type":"page","link":"https:\/\/emiro.agesci.it\/archiviofoto\/?page_id=9918","title":{"rendered":"Minzoni d. Giovanni &#8211; Argenta (FE)"},"content":{"rendered":"\n<p><strong>Ravenna<\/strong> 29 giugno 1885 &#8211; <strong>Argenta (FE)<\/strong> 23 agosto 1923<\/p>\n\n\n\n<p>Sacerdote nel 1910, \u00e8 Cappellano al fronte nella Prima Guerra Mondiale dove \u00e8 decorato al valore. Gi\u00e0<br>prima del conflitto si era ingegnato a promuovere attivit\u00e0 educative per giovani e ragazze. Convinto attuatore della nascente Dottrina Sociale della Chiesa, aderisce al Partito Popolare di don Sturzo. Parroco ad Argenta, promuove varie associazioni giovanili e &#8211; tra queste &#8211; il reparto scout come strumento di<br>educazione ad una coscienza libera da sopraffazioni. AE del reparto Argenta 1, \u00e8 ucciso da sicari fascisti per l\u2019opposizione all\u2019adesione all\u2019Opera Nazionale Balilla.<\/p>\n\n\n\nngg_shortcode_0_placeholder\n","protected":false},"excerpt":{"rendered":"<p>Ravenna 29 giugno 1885 &#8211; Argenta (FE) 23 agosto 1923 Sacerdote nel 1910, \u00e8 Cappellano al fronte nella Prima Guerra Mondiale dove \u00e8 decorato al valore. Gi\u00e0prima del conflitto si era ingegnato a promuovere attivit\u00e0 educative per giovani e ragazze. Convinto attuatore della nascente Dottrina Sociale della Chiesa, aderisce al Partito Popolare di don Sturzo&#8230;.<\/p>\n","protected":false},"author":2,"featured_media":0,"parent":0,"menu_order":0,"comment_status":"closed","ping_status":"closed","template":"","meta":{"ngg_post_thumbnail":0,"footnotes":""},"class_list":["post-9918","page","type-page","status-publish","hentry"],"_links":{"self":[{"href":"https:\/\/emiro.agesci.it\/archiviofoto\/index.php?rest_route=\/wp\/v2\/pages\/9918","targetHints":{"allow":["GET"]}}],"collection":[{"href":"https:\/\/emiro.agesci.it\/archiviofoto\/index.php?rest_route=\/wp\/v2\/pages"}],"about":[{"href":"https:\/\/emiro.agesci.it\/archiviofoto\/index.php?rest_route=\/wp\/v2\/types\/page"}],"author":[{"embeddable":true,"href":"https:\/\/emiro.agesci.it\/archiviofoto\/index.php?rest_route=\/wp\/v2\/users\/2"}],"replies":[{"embeddable":true,"href":"https:\/\/emiro.agesci.it\/archiviofoto\/index.php?rest_route=%2Fwp%2Fv2%2Fcomments&post=9918"}],"version-history":[{"count":3,"href":"https:\/\/emiro.agesci.it\/archiviofoto\/index.php?rest_route=\/wp\/v2\/pages\/9918\/revisions"}],"predecessor-version":[{"id":11406,"href":"https:\/\/emiro.agesci.it\/archiviofoto\/index.php?rest_route=\/wp\/v2\/pages\/9918\/revisions\/11406"}],"wp:attachment":[{"href":"https:\/\/emiro.agesci.it\/archiviofoto\/index.php?rest_route=%2Fwp%2Fv2%2Fmedia&parent=9918"}],"curies":[{"name":"wp","href":"https:\/\/api.w.org\/{rel}","templated":true}]}}