{"id":9390,"date":"2022-07-24T18:55:22","date_gmt":"2022-07-24T16:55:22","guid":{"rendered":"https:\/\/emiro.agesci.it\/archiviofoto\/?page_id=9390"},"modified":"2023-01-10T15:50:49","modified_gmt":"2023-01-10T14:50:49","slug":"andreucci-vittorio-bologna","status":"publish","type":"page","link":"https:\/\/emiro.agesci.it\/archiviofoto\/?page_id=9390","title":{"rendered":"Andreucci Vittorio &#8211; Bologna"},"content":{"rendered":"\n<p><strong>Cesena<\/strong> 4 marzo 1919 \u2013 <strong>Bologna<\/strong> 9 ottobre 1995<\/p>\n\n\n\n<p>Fa parte di famiglia \u201cstoricamente\u201d scout, ma le vicende della vita non indirizzano Vittorio verso l\u2019ASCI. Quando il \u201cmagazzino scout\u201d era ancora in via Castiglione (anni \u201960), Vittorio era gi\u00e0 l\u00ec a seguire e servire ragazzi e famiglie nelle forniture di materiali e uniformi per le attivit\u00e0. Senza la sua presenza non solo \u201cIl Gallo\u201d ma anche lo scautismo regionale avrebbe avuto fisionomia diversa, certo meno attrezzata ed adeguata ai tempi. E\u2019 stato responsabile del punto vendita della Coop \u201cIl Gallo\u201d per pi\u00f9 di 30 anni, consegnando a tutti &#8211; insieme a distintivi e materiale &#8211; il suo amore e rispetto per la natura e la montagna<\/p>\n\n\n\nngg_shortcode_0_placeholder\n","protected":false},"excerpt":{"rendered":"<p>Cesena 4 marzo 1919 \u2013 Bologna 9 ottobre 1995 Fa parte di famiglia \u201cstoricamente\u201d scout, ma le vicende della vita non indirizzano Vittorio verso l\u2019ASCI. Quando il \u201cmagazzino scout\u201d era ancora in via Castiglione (anni \u201960), Vittorio era gi\u00e0 l\u00ec a seguire e servire ragazzi e famiglie nelle forniture di materiali e uniformi per le&#8230;<\/p>\n","protected":false},"author":2,"featured_media":0,"parent":0,"menu_order":0,"comment_status":"closed","ping_status":"closed","template":"","meta":{"ngg_post_thumbnail":0,"footnotes":""},"class_list":["post-9390","page","type-page","status-publish","hentry"],"_links":{"self":[{"href":"https:\/\/emiro.agesci.it\/archiviofoto\/index.php?rest_route=\/wp\/v2\/pages\/9390","targetHints":{"allow":["GET"]}}],"collection":[{"href":"https:\/\/emiro.agesci.it\/archiviofoto\/index.php?rest_route=\/wp\/v2\/pages"}],"about":[{"href":"https:\/\/emiro.agesci.it\/archiviofoto\/index.php?rest_route=\/wp\/v2\/types\/page"}],"author":[{"embeddable":true,"href":"https:\/\/emiro.agesci.it\/archiviofoto\/index.php?rest_route=\/wp\/v2\/users\/2"}],"replies":[{"embeddable":true,"href":"https:\/\/emiro.agesci.it\/archiviofoto\/index.php?rest_route=%2Fwp%2Fv2%2Fcomments&post=9390"}],"version-history":[{"count":3,"href":"https:\/\/emiro.agesci.it\/archiviofoto\/index.php?rest_route=\/wp\/v2\/pages\/9390\/revisions"}],"predecessor-version":[{"id":9769,"href":"https:\/\/emiro.agesci.it\/archiviofoto\/index.php?rest_route=\/wp\/v2\/pages\/9390\/revisions\/9769"}],"wp:attachment":[{"href":"https:\/\/emiro.agesci.it\/archiviofoto\/index.php?rest_route=%2Fwp%2Fv2%2Fmedia&parent=9390"}],"curies":[{"name":"wp","href":"https:\/\/api.w.org\/{rel}","templated":true}]}}