{"id":10442,"date":"2023-01-14T13:25:02","date_gmt":"2023-01-14T12:25:02","guid":{"rendered":"https:\/\/emiro.agesci.it\/archiviofoto\/?page_id=10442"},"modified":"2023-01-14T13:25:02","modified_gmt":"2023-01-14T12:25:02","slug":"selleri-adele-bologna","status":"publish","type":"page","link":"https:\/\/emiro.agesci.it\/archiviofoto\/?page_id=10442","title":{"rendered":"Selleri Adele &#8211; Bologna"},"content":{"rendered":"\n<p><strong>Bologna<\/strong> 30 aprile 1933 &#8211; <strong>Bologna<\/strong> 9 aprile 2014<\/p>\n\n\n\n<p>Guida dal 1952 poi capo Cerchio nell\u2019Agi BO 1 e BO 2 e capo del Fuoco Agi cittadino. Poco pi\u00f9 che<br>ventenne \u00e8 nella Squadriglia nazionale Scolte ed \u00e8 Commissaria regionale Scolte dell\u2019Agi. Ha formazione<br>scientifica, brillantissima intelligenza ed \u00e8 attiva in molti ambiti culturali e sociali. Dall\u2019inizio degli anni 2000 \u00e8 l\u2019anima del rinnovamento della Fondazione \u201cGualandi\u201d di Bologna, qualificandola anche in ambito internazionale. Con Nino Vio ed alcuni capi della regione promuove, nel 1979, la Route delle Comunit\u00e0 capi di Bedonia. Responsabile regionale Agesci dal 1974 al 1980, \u00e8 Incaricata regionale e nazionale per Formazione capi, Settore Internazionale e Stampa. Al termine, \u00e8 ancora capo nel BO 4.<\/p>\n\n\n\nngg_shortcode_0_placeholder\n","protected":false},"excerpt":{"rendered":"<p>Bologna 30 aprile 1933 &#8211; Bologna 9 aprile 2014 Guida dal 1952 poi capo Cerchio nell\u2019Agi BO 1 e BO 2 e capo del Fuoco Agi cittadino. Poco pi\u00f9 cheventenne \u00e8 nella Squadriglia nazionale Scolte ed \u00e8 Commissaria regionale Scolte dell\u2019Agi. Ha formazionescientifica, brillantissima intelligenza ed \u00e8 attiva in molti ambiti culturali e sociali. Dall\u2019inizio&#8230;<\/p>\n","protected":false},"author":2,"featured_media":0,"parent":0,"menu_order":0,"comment_status":"closed","ping_status":"closed","template":"","meta":{"ngg_post_thumbnail":0,"footnotes":""},"class_list":["post-10442","page","type-page","status-publish","hentry"],"_links":{"self":[{"href":"https:\/\/emiro.agesci.it\/archiviofoto\/index.php?rest_route=\/wp\/v2\/pages\/10442","targetHints":{"allow":["GET"]}}],"collection":[{"href":"https:\/\/emiro.agesci.it\/archiviofoto\/index.php?rest_route=\/wp\/v2\/pages"}],"about":[{"href":"https:\/\/emiro.agesci.it\/archiviofoto\/index.php?rest_route=\/wp\/v2\/types\/page"}],"author":[{"embeddable":true,"href":"https:\/\/emiro.agesci.it\/archiviofoto\/index.php?rest_route=\/wp\/v2\/users\/2"}],"replies":[{"embeddable":true,"href":"https:\/\/emiro.agesci.it\/archiviofoto\/index.php?rest_route=%2Fwp%2Fv2%2Fcomments&post=10442"}],"version-history":[{"count":1,"href":"https:\/\/emiro.agesci.it\/archiviofoto\/index.php?rest_route=\/wp\/v2\/pages\/10442\/revisions"}],"predecessor-version":[{"id":10443,"href":"https:\/\/emiro.agesci.it\/archiviofoto\/index.php?rest_route=\/wp\/v2\/pages\/10442\/revisions\/10443"}],"wp:attachment":[{"href":"https:\/\/emiro.agesci.it\/archiviofoto\/index.php?rest_route=%2Fwp%2Fv2%2Fmedia&parent=10442"}],"curies":[{"name":"wp","href":"https:\/\/api.w.org\/{rel}","templated":true}]}}

<p><strong>Bologna</strong> 30 aprile 1933 &#8211; <strong>Bologna</strong> 9 aprile 2014</p>



<p>Guida dal 1952 poi capo Cerchio nell’Agi BO 1 e BO 2 e capo del Fuoco Agi cittadino. Poco più che<br>ventenne è nella Squadriglia nazionale Scolte ed è Commissaria regionale Scolte dell’Agi. Ha formazione<br>scientifica, brillantissima intelligenza ed è attiva in molti ambiti culturali e sociali. Dall’inizio degli anni 2000 è l’anima del rinnovamento della Fondazione “Gualandi” di Bologna, qualificandola anche in ambito internazionale. Con Nino Vio ed alcuni capi della regione promuove, nel 1979, la Route delle Comunità capi di Bedonia. Responsabile regionale Agesci dal 1974 al 1980, è Incaricata regionale e nazionale per Formazione capi, Settore Internazionale e Stampa. Al termine, è ancora capo nel BO 4.</p>



ngg_shortcode_0_placeholder

<p>Bologna 30 aprile 1933 &#8211; Bologna 9 aprile 2014 Guida dal 1952 poi capo Cerchio nell’Agi BO 1 e BO 2 e capo del Fuoco Agi cittadino. Poco più cheventenne è nella Squadriglia nazionale Scolte ed è Commissaria regionale Scolte dell’Agi. Ha formazionescientifica, brillantissima intelligenza ed è attiva in molti ambiti culturali e sociali. Dall’inizio&#8230;</p>
